 divisor of i and s.
13
Suppose 13 = 5*q - 3*f, -7 = -3*q + 2*f - 0*f. Suppose 155 = q*b - 0*b. Let g = b - 17. What is the highest common factor of 28 and g?
14
Let v = 115 - 112. Suppose v*y - 90 = 2*y. What is the highest common divisor of y and 36?
18
Let w be (-1)/5 + (-34260)/(-50) + (16 - 21). Calculate the highest common divisor of 440 and w.
40
Suppose 0*u + 195 = -3*u. Let f = u + 80. Calculate the greatest common divisor of f and 105.
15
Suppose -5*x + 672 = -4*t, -5*t + 174 + 244 = 3*x. What is the highest common factor of x and 374?
34
Suppose 0 = -6*l - 2*d + 162, -695*l = -698*l - 5*d + 105. Calculate the greatest common factor of 1460 and l.
5
Let s = 305 + -301. Suppose 3*y + 4 + 5 = 3*i, s*y = -4*i + 52. What is the greatest common factor of 6 and i?
2
Suppose -2*r + 75 + 35 = 5*c, -r = -4*c + 101. Calculate the greatest common divisor of c and 834.
6
Suppose -2*t = -5*d - 338, 5*d - 4*d - 5*t + 63 = 0. Let a = -36 - d. What is the highest common factor of 544 and a?
32
Let o(p) = p**3 + 27*p**2 - 4*p - 96. Let n be o(-27). Let r(h) = -h - 4*h**2 + 4 + 8*h + 6*h**2. Let l be r(-4). What is the greatest common factor of l and n?
4
Suppose a + 7015 = 2*y, -y + 4163 - 643 = 2*a. What is the highest common divisor of 720 and y?
90
Let a(b) = -2*b**2 + 22*b. Let u(z) = -z**2. Let d(q) = -a(q) - 4*u(q). Let g be d(9). What is the highest common factor of 216 and g?
72
Let t(r) = -5*r + 6. Let s be t(-6). Suppose -32*w - 84 = -39*w. Suppose w*l - 136 = 512. Calculate the greatest common factor of l and s.
18
Let b be 6/(7/((-65366)/(-21))). Suppose 9*l + 5*g + b = 13*l, 0 = l + g - 676. What is the highest common factor of l and 32?
32
Let n = -2278 + 4121. Calculate the greatest common factor of n and 19.
19
Let a = -1566 - -1589. Let o(f) = -f**2 - 2*f + 2. Let n be o(-4). Let p be n - -4 - (-46 + -2). Calculate the highest common divisor of p and a.
23
Suppose 0 = 5*t + 3*a - 34199, -3*t - 5*a + 23064 = 2567. What is the greatest common factor of t and 348?
116
Suppose 48*j - 80*j + 68352 = 0. Calculate the greatest common factor of 4539 and j.
267
Suppose -16*c = -0*c + 48. Let f(m) = -5*m**3 + 4*m**2 + 8*m - 3. Let n be f(c). Suppose -48 = -s - 2*s. Calculate the highest common divisor of n and s.
16
Let d be 5 + 3/((-6)/(-232)). Let t = -37 + 48. What is the greatest common factor of t and d?
11
Let y be ((-474)/8)/((-6)/(1*-24)). Let h = y + 335. Let w = 119 - h. Calculate the greatest common factor of w and 9.
3
Let a = 95019 + -94947. Suppose -r - 5*v = -95, r = -2*r - 4*v + 340. Calculate the greatest common factor of r and a.
24
Let d(h) = -3*h + 6. Let t be d(2). Suppose 2*l - 3*l + 6 = t. Suppose 10 = l*p - 104. Calculate the greatest common factor of p and 76.
19
Let r(m) = 28*m - 81. Let h be r(3). Suppose -h*s = -7 + 1, -4*x + 4*s = -232. What is the highest common factor of 144 and x?
12
Suppose -3*m - 10 = 2*m - 4*x, 3*m = -5*x + 31. Suppose 3*f = 9, 3*a + f - 3 = -m*a. Suppose -2*i + 71 - 19 = a. What is the greatest common factor of 39 and i?
13
Suppose -6*t + 23 = 11. Let i(v) = 8*v**t - 5*v**2 - v**2 + 4*v. Let s be i(-5). What is the greatest common factor of 20 and s?
10
Suppose -41*w - 17*w + 153013 = 16713. What is the greatest common divisor of w and 175?
25
Let h be (-127743)/(-66) + 10/4. Calculate the greatest common divisor of h and 684.
114
Let n = 2496 - 2388. What is the highest common divisor of n and 48?
12
Let w = -2245 - -11265. What is the greatest common divisor of w and 40?
20
Suppose -109 + 2114 = 151*y - 109. What is the greatest common factor of y and 679?
7
Let g be (-3283)/(-7) - (-11 - 1). Let p(n) = 20*n - 3. Let s be p(2). Calculate the greatest common divisor of s and g.
37
Let t(v) = -v + 0*v + v**3 + 3*v + 11*v**2 - v. Let g be t(-10). Let l(k) = 32*k**2 + 2*k + 2. Let x be l(1). Calculate the greatest common divisor of g and x.
18
Suppose -4*q + 109 = 2*u - 305, 4*q = -3*u + 411. Calculate the highest common factor of q and 2135.
35
Suppose -3*a + 9 = 0, 0*u + 4*u - 3*a = 7. Suppose -9 = -j - u. Suppose -2*b = -4*y, b + j*y - 14 = 14. Calculate the highest common divisor of 1 and b.
1
Let j = 338 + -314. Suppose j*q - 1836 = -10*q. Calculate the greatest common divisor of q and 24.
6
Let j = -6044 + 7965. What is the highest common divisor of 34 and j?
17
Suppose -95 = -7*w - 18. Suppose -3*a - 3 = 0, -2*r - 2*a + 243 = -w. What is the highest common factor of r and 16?
16
Let g = -133 + 134. Let k(q) = 87*q + 1. Let w be k(g). Calculate the greatest common divisor of 264 and w.
88
Let w be ((-496)/62)/(9/(-54)*(-8)/(-5)). Let r = -594 - -924. Calculate the highest common factor of w and r.
30
Let n be (25/(-5))/(2/(-22)). Let z = 5818 + -5785. What is the greatest common factor of n and z?
11
Let l be ((-4)/12)/(1/(-15)). Let c(g) = g**2 - 97*g - 615. Let n be c(-6). Let y be ((-44)/l)/((-3)/90*n). Calculate the greatest common factor of 8 and y.
8
Let l be 1*((3 - -1) + -4) - 3. Let s be (-1016)/l - (-4)/3. Calculate the greatest common divisor of 136 and s.
68
Suppose -291*b + 290*b = -121. Suppose c = 161 - b. Let d be (-8)/10*25/(-2). Calculate the greatest common divisor of d and c.
10
Let b(t) = 292*t**2 - 1718*t - 30. Let v be b(6). Calculate the highest common factor of v and 10498.
58
Let a be (217/14 + -15)/(2/(-1440)*-3). What is the highest common divisor of 18480 and a?
120
Let q be (-17)/(1 - -1 - 3). Suppose 128*y - 29750 = -122*y. Calculate the highest common factor of q and y.
17
Suppose -4*y = 2*s - 2, -5*s - 3*y + 12 = -7. Suppose -s*q = -2*u + 84, u - 210 = -4*u + 2*q. Calculate the highest common divisor of 42 and u.
42
Let x = -40 - -28. Let g = x - -7. Let s be (-3)/g - 2167/(-55). What is the highest common divisor of 16 and s?
8
Suppose -754 = 3123*s - 3136*s. Calculate the highest common factor of 18154 and s.
58
Let s(z) = z**2 + 10*z - 16. Let q be s(-12). Let r = -6942 - -6943. What is the greatest common divisor of q and r?
1
Let y be (-1)/4 + 10/40. Suppose y = -7*m - 188 + 48. Let v be (-6)/60 - 322/m. What is the highest common factor of 16 and v?
16
Let j(i) = 2*i**3 + 33*i**2 - 26*i - 95. Let a be j(-17). What is the highest common divisor of 6 and a?
2
Suppose -244*v + 314*v - 102240 = -650*v. Let g = -57 - -270. Calculate the greatest common divisor of g and v.
71
Let d(n) = -5*n**2 + 227*n - 29. Let g be d(34). Calculate the highest common factor of g and 249.
83
Let d = 67 + -40. Let s = d + -36. Let o be (s/(-18))/(1/22). Calculate the highest common factor of 77 and o.
11
Let d(r) = r**3 - 4*r**2 - 11*r - 5. Let c be d(6). Let t be (111 + -19)/(3 - c). What is the greatest common divisor of 184 and t?
46
Suppose 8 = 2*p + 2*p. Suppose 9 = 3*i, -423 = -3*j + 3*i + 138. Let b = 193 - j. What is the greatest common factor of p and b?
1
Let r be -51 + 15 + 267 + (-2 - 12/(-4)). Suppose 3*c - 2*c = 4. Calculate the greatest common factor of c and r.
4
Let d = -4336 - -4371. Calculate the greatest common divisor of d and 126.
7
Suppose 13965*y = 13939*y + 62140. Calculate the highest common factor of 70 and y.
10
Suppose d + 3*a - 10 = 0, -4 = -d + 2*a + 16. Let l(r) = 681*r - 17699. Let x be l(27). What is the highest common factor of d and x?
16
Suppose -3*s + 385 = -605. Let z = 63672 + -63662. Calculate the highest common divisor of s and z.
10
Suppose 8 = 2*w + 4*d, -5*w - 77*d + 79*d + 8 = 0. What is the highest common divisor of w and 19?
1
Let j(n) = n**2 - 60*n + 506. Let m be j(10). What is the greatest common factor of m and 568?
2
Let s = 905 + -457. Let m = s - 447. Let k be ((-6)/4 + 2)*18. Calculate the greatest common divisor of m and k.
1
Let j(k) = k**3 - 4*k**2 - k + 6. Let d be j(4). Let n(b) = -2 + 5 + 9*b + b**d + 2. Let u be n(-9). Calculate the greatest common factor of 15 and u.
5
Let f(g) = 2*g**2 + 38*g + 38. Let w be f(-20). Suppose 3*k - 90 = w. What is the highest common divisor of k and 7?
7
Let u be (((-725)/10)/5)/(225/(-36) + 6). Calculate the highest common divisor of 2 and u.
2
Let w(u) = u**3 - 63*u**2 + 73*u + 60. Let z be w(62). What is the greatest common factor of 14 and z?
14
Let o = -2793 - -3327. Calculate the greatest common divisor of o and 1157.
89
Let n = -13202 + 13213. What is the highest co